isor of 8651832 and 520968.
1176
What is the highest common divisor of 112 and 19012304?
16
What is the highest common factor of 700 and 101209220?
140
Calculate the greatest common divisor of 42197211 and 549.
9
What is the greatest common divisor of 7683 and 6906588?
39
What is the greatest common divisor of 4070110 and 11410?
1630
Calculate the greatest common factor of 1062 and 512682270.
354
Calculate the highest common divisor of 243 and 17273385.
27
What is the highest common divisor of 126 and 320254578?
126
Calculate the highest common factor of 10388680 and 40.
40
What is the greatest common factor of 67251 and 15428307?
2319
Calculate the greatest common factor of 9281600 and 16000.
1600
Calculate the highest common factor of 1179 and 86126343.
393
What is the greatest common factor of 4525 and 72581?
181
Calculate the greatest common divisor of 105 and 3648735.
15
Calculate the greatest common divisor of 883022718 and 2226.
318
Calculate the greatest common factor of 832822 and 3984.
166
Calculate the highest common factor of 1103504 and 442.
34
Calculate the greatest common divisor of 4856 and 27021819.
607
Calculate the highest common factor of 86047 and 1416466.
6619
What is the highest common divisor of 2913432 and 25164?
2796
What is the greatest common divisor of 3752079 and 59469?
1383
What is the highest common divisor of 575709652 and 1064?
532
What is the highest common factor of 1313874066 and 6?
6
Calculate the highest common divisor of 6493 and 3938456.
43
Calculate the greatest common divisor of 4018 and 6309162.
82
What is the highest common divisor of 431776 and 2527776?
4192
Calculate the highest common factor of 496109 and 47728.
19
Calculate the highest common factor of 58034546 and 366.
122
Calculate the greatest common divisor of 770 and 35568750.
70
Calculate the highest common factor of 45908 and 2827804.
92
Calculate the greatest common divisor of 27014 and 6317120.
2078
Calculate the greatest common divisor of 134 and 2861771.
67
What is the greatest common factor of 3864 and 18180603?
483
What is the highest common divisor of 132 and 647840721?
33
Calculate the greatest common divisor of 308 and 1074934.
14
Calculate the greatest common divisor of 109089 and 324921.
1173
What is the highest common factor of 824 and 983936?
8
What is the greatest common divisor of 196375 and 62384410?
7855
What is the highest common factor of 60879651 and 84?
21
Calculate the greatest common factor of 82728 and 2866755.
1149
Calculate the greatest common divisor of 7429977 and 27.
9
What is the highest common factor of 21264022 and 2444?
1222
Calculate the greatest common factor of 105047646 and 198.
66
What is the highest common factor of 31328 and 46832?
16
What is the greatest common factor of 992 and 15853648?
496
Calculate the highest common divisor of 82367 and 134893233.
2657
What is the greatest common divisor of 12159 and 691089?
21
Calculate the greatest common factor of 4185407 and 8701.
113
What is the greatest common factor of 92655 and 643887?
261
Calculate the highest common factor of 170200126 and 122.
122
Calculate the highest common factor of 102 and 824959.
17
What is the greatest common divisor of 15158 and 6739480?
1166
Calculate the highest common factor of 1490741 and 651518.
1211
What is the greatest common divisor of 18 and 1392866?
2
Calculate the greatest common factor of 17866124 and 92.
92
What is the highest common divisor of 9741 and 8503511?
191
What is the greatest common factor of 32 and 33586?
2
Calculate the highest common factor of 1071549838 and 158.
158
What is the greatest common divisor of 489 and 207100302?
489
Calculate the highest common factor of 2106324 and 900.
36
What is the highest common divisor of 12210 and 910755?
555
What is the greatest common factor of 92004 and 36592500?
8364
What is the highest common factor of 7588827 and 1242?
207
What is the greatest common divisor of 7697 and 3397241?
179
What is the greatest common divisor of 10175295 and 390?
195
What is the greatest common factor of 4380 and 302602155?
1095
What is the greatest common divisor of 53460 and 1633968?
36
What is the highest common divisor of 17188676 and 1141?
163
What is the highest common factor of 451 and 413774009?
451
What is the greatest common factor of 15925 and 329966?
637
What is the greatest common divisor of 686454392 and 26?
26
Calculate the highest common factor of 333185 and 283235.
185
What is the greatest common divisor of 10373 and 25185?
23
What is the greatest common factor of 3449496580 and 20?
20
Calculate the greatest common divisor of 59518384 and 16.
16
What is the greatest common factor of 201877 and 3159?
13
Calculate the highest common factor of 1656680 and 86826.
998
What is the highest common divisor of 50443 and 786358?
691
What is the greatest common divisor of 111176 and 7384?
104
Calculate the highest common factor of 52205 and 1446965.
985
What is the greatest common factor of 1320 and 634965?
15
What is the greatest common divisor of 34082295 and 105?
15
What is the highest common divisor of 9064471 and 208?
13
What is the highest common factor of 174 and 105082718?
58
What is the highest common factor of 4005312 and 39744?
4416
What is the greatest common factor of 1787178 and 15163?
257
What is the greatest common divisor of 166212 and 7028532?
972
Calculate the highest common divisor of 2366494 and 598.
26
What is the greatest common divisor of 560 and 9013256?
56
Calculate the highest common divisor of 3100036 and 2055.
137
Calculate the greatest common divisor of 35887722 and 78.
78
Calculate the greatest common divisor of 369824443 and 34.
17
What is the greatest common divisor of 78 and 23692674?
6
Calculate the greatest common factor of 54283760 and 3408.
1136
Calculate the highest common factor of 1222728 and 2334.
6
Calculate the greatest common divisor of 14262 and 50602.
2
Calculate the greatest common divisor of 17475 and 79.
1
Calculate the highest common factor of 360 and 13233060.
180
Calculate the greatest common divisor of 11280 and 30384560.
3760
What is the greatest common factor of 1217225196 and 99?
99
What is the highest common divisor of 1377520636 and 1744?
436
Calculate the greatest common divisor of 88 and 588083078.
22
Calculate the greatest common factor of 19651 and 1731524.
43
Calculate the greatest common factor of 9419436 and 481.
13
Calculate the greatest common divisor of 291168 and 41904.
432
Calculate the greatest common divisor of 7199744 and 1958.
178
Calculate the greatest common factor of 167790 and 30830.
10
What is the highest common factor of 201779052 and 6456?
3228
Calculate the highest common divisor of 1152 and 10599696.
144
What is the greatest common divisor of 3785080 and 731960?
1160
What is the highest common factor of 204792 and 19481?
161
What is the greatest common divisor of 13635970 and 1240?
310
Calculate the greatest common divisor of 2783725 and 875.
175
What is the greatest common divisor of 9385782 and 48762?
1806
What is the greatest common divisor of 3080 and 6762140?
1540
What is the greatest common divisor of 19688 and 6514267?
2461
What is the highest common divisor of 686400 and 723600?
1200
Calculate the highest common divisor of 58 and 33071281.
29
What is the highest common divisor of 86 and 2730887?
43
What is the greatest common factor of 581147 and 13969?
61
What is the highest common divisor of 19499326 and 188433?
6979
Calculate the highest common factor of 194425 and 616.
77
Calculate the greatest common factor of 767875897 and 4687.
4687
Calculate the highest common factor of 52 and 74625902.
26
Calculate the highest common factor of 215 and 496055.
5
What is the highest common factor of 3626 and 1440336?
74
Calculate the highest common divisor of 3999558 and 2294.
62
Calculate the greatest common factor of 951171 and 351.
39
Calculate the highest common factor of 36639943 and 92.
23
Calculate the highest common divisor of 3458 and 80388620.
494
Calculate the greatest common divisor of 14825785 and 65.
65
What is the greatest common divisor of 23445993 and 454848?
7107
What is the greatest common divisor of 30699 and 6227349?
1137
Calculate the greatest common divisor of 2404955 a